{"id":127,"date":"2016-10-01T11:02:37","date_gmt":"2016-10-01T11:02:37","guid":{"rendered":"http:\/\/localhost\/transpo\/?page_id=127"},"modified":"2019-04-25T10:55:28","modified_gmt":"2019-04-25T10:55:28","slug":"pricing","status":"publish","type":"page","link":"http:\/\/www.mrdoprava.sk\/?page_id=127","title":{"rendered":"Prepravn\u00fd poriadok"},"content":{"rendered":"<p>[vc_row][vc_column][vc_wp_text]<\/p>\n<h2 style=\"text-align: center;\">MR Doprava s.r.o., Na H\u00f4rke 41\/3, 949 11, Nitra<\/h2>\n<p style=\"text-align: center;\">vyd\u00e1va pod\u013ea \u00a7 4 z\u00e1kona \u010d. 56\/2012 Z.z. o cestnej doprave (\u010falej len \u201ez\u00e1kon\u201c)<\/p>\n<p style=\"text-align: center;\">tento<\/p>\n<p style=\"text-align: center;\"><strong>PREPRAVN\u00dd PORIADOK N\u00c1KLADNEJ CESTNEJ DOPRAVY<\/strong><\/p>\n<p style=\"text-align: center;\">(\u010falej len \u201eprepravn\u00fd poriadok\u201c)<\/p>\n<p style=\"text-align: center;\"><strong>\u010cl. 1<\/strong><\/p>\n<p style=\"text-align: center;\"><strong>Z\u00e1kladn\u00e9 ustanovenia<\/strong><\/p>\n<p style=\"text-align: center;\">\u00a01. Tento prepravn\u00fd poriadok obsahuje prepravn\u00e9 podmienky dopravcu potrebn\u00e9 na uzavretie prepravnej zmluvy.<\/p>\n<p style=\"text-align: center;\">2. Upravuje pr\u00e1va a povinnosti, ako aj zodpovednos\u0165 pri preprave vec\u00ed cestn\u00fdm n\u00e1kladn\u00fdm vozidlom medzi dopravcom, fyzick\u00fdmi osobami a pr\u00e1vnick\u00fdmi osobami z\u00fa\u010dastnen\u00fdmi na preprave. Stanovuje podmienky na uzatvorenie zmluvy o preprave veci pod\u013ea \u00a7 610 a nasl. Obchodn\u00e9ho z\u00e1konn\u00edka a zmluvy o preprave n\u00e1kladu pod\u013ea \u00a7 765 a nasl. Ob\u010dianskeho z\u00e1konn\u00edka. Neupravuje ceny a cenov\u00e9 podmienky.<\/p>\n<p style=\"text-align: center;\">3. Dopravcom je spolo\u010dnos\u0165 MR Doprava s.r.o. , I\u010cO: 50968106, DI\u010c: 2120564875<\/p>\n<p style=\"text-align: center;\"><strong>\u010cl. 2<\/strong><\/p>\n<p style=\"text-align: center;\"><strong>Druh prev\u00e1dzkovanej cestnej dopravy<\/strong><\/p>\n<p style=\"text-align: center;\">1. Pod\u013ea tohto prepravn\u00e9ho poriadku dopravca vykon\u00e1va n\u00e1kladn\u00fa cestn\u00fa dopravu.<\/p>\n<p style=\"text-align: center;\">2. Dopravca prepravuje n\u00e1klady ako:<\/p>\n<p style=\"text-align: center;\">2.1. vozov\u00e9 z\u00e1sielky \u2013 z\u00e1sielky prepravovan\u00e9 jedn\u00e9mu prepravcovi (odosielate\u013eovi alebo pr\u00edjemcovi) jednou jazdou vozidla, ak bola vyu\u017eit\u00e1 u\u017eito\u010dn\u00e1 alebo celkov\u00e1 hmotnos\u0165 vozidla alebo bez zrete\u013ea na hmotnos\u0165 z\u00e1sielky, ak:<\/p>\n<p style=\"text-align: center;\">a) vyu\u017eije lo\u017en\u00fa plochu vozidla<\/p>\n<p style=\"text-align: center;\">b) jej prepravu vykon\u00e1va osobitnou jazdou vozidla pod\u013ea dohody s prepravcom alebo preto, \u017ee to vy\u017eaduje povaha n\u00e1kladu, pr\u00edpadne vykonanie prepravy v po\u017eadovanej lehote<\/p>\n<p style=\"text-align: center;\">c) ju naklad\u00e1 alebo vyklad\u00e1 na dvoch alebo viacer\u00fdch miestach; o jednu jazdu vozidla ide aj vtedy, ak z prev\u00e1dzkov\u00fdch d\u00f4vodov prelo\u017e\u00ed n\u00e1klad na in\u00e9 vozidlo.<\/p>\n<p style=\"text-align: center;\">2.2. kusov\u00e9 z\u00e1sielky<\/p>\n<p style=\"text-align: center;\">3. Za prikl\u00e1dku sa pova\u017euje z\u00e1sielka prepravovan\u00e1 spolo\u010dne s in\u00fdmi z\u00e1sielkami (in\u00fdch prepravcov) alebo pri takej jazde vozidla, ktor\u00fa by inak musel dopravca vykona\u0165 bez n\u00e1kladu.<\/p>\n<p style=\"text-align: center;\">4. Dopravca okrem in\u00e9ho sp\u013a\u0148a v\u0161eobecn\u00e9 povinnosti dopravcu pod\u013ea \u00a7 7 z\u00e1kona.<\/p>\n<p style=\"text-align: center;\"><strong>\u010cl. 3<\/strong><\/p>\n<p style=\"text-align: center;\"><strong>Rozsah poskytovan\u00fdch dopravn\u00fdch slu\u017eieb<\/strong><\/p>\n<p style=\"text-align: center;\">1.Dopravca vzh\u013eadom na svoju teraj\u0161iu technick\u00fa z\u00e1klad\u0148u prednostne prepravuje vozov\u00e9 z\u00e1sielky (sypk\u00e9 materi\u00e1ly), ale vykon\u00e1va tie\u017e prepravu kusov\u00fdch z\u00e1sielok.<br \/>\n2.Prepravn\u00fd poriadok neplat\u00ed pre prepravu \u017eiv\u00fdch zvierat, skazite\u013en\u00fdch potrav\u00edn, nebezpe\u010dn\u00fdch vec\u00ed a nebezpe\u010dn\u00fdch odpadov.<\/p>\n<p style=\"text-align: center;\"><strong>\u010cl. 4<\/strong><\/p>\n<p style=\"text-align: center;\"><strong>Objedn\u00e1vanie prepravy<\/strong><\/p>\n<p style=\"text-align: center;\">1.Prepravca (odosielate\u013e alebo pr\u00edjemca) si prepravu z\u00e1sielky u dopravcu objedn\u00e1va, a to uzatvoren\u00edm zmluvy o preprave veci (n\u00e1kladu) alebo objedn\u00e1vkou. Objedn\u00e1vku mo\u017eno poda\u0165 p\u00edsomne alebo e-mailom.<\/p>\n<p style=\"text-align: center;\">2.Pokia\u013e bola preprava medzi prepravcom a dopravcom dohodnut\u00e1 \u00fastne alebo telefonicky, prepravca je povinn\u00fd, na po\u017eiadanie dopravcu, objedn\u00e1vku prepravy p\u00edsomne potvrdi\u0165. Ak k tomu nedo\u0161lo, platia oh\u013eadom objedn\u00e1vky prepravy z\u00e1znamy dopravcu.<\/p>\n<p style=\"text-align: center;\">3.Objedn\u00e1vka sa nepou\u017e\u00edva v pr\u00edpade, ak m\u00e1 dopravca s prepravcom uzatvoren\u00fa r\u00e1mcov\u00fa zmluvu o preprave veci (n\u00e1kladu).<\/p>\n<p style=\"text-align: center;\">4.Objedn\u00e1vka prepravy mus\u00ed obsahova\u0165 v\u0161etky \u00fadaje potrebn\u00e9 na vykonanie a vy\u00fa\u010dtovanie prepravy, aby mohla po prijat\u00ed plni\u0165 funkciu prepravnej zmluvy, a to najm\u00e4:<\/p>\n<p style=\"text-align: center;\">a) ur\u010denie zmluvn\u00fdch str\u00e1n- prepravca (odosielate\u013e alebo pr\u00edjemca) a dopravca, presn\u00e9 adresy, I\u010cO, DI\u010c, telef\u00f3n, e-mail;<\/p>\n<p style=\"text-align: center;\">b) n\u00e1zov a adresa pe\u0148a\u017en\u00e9ho \u00fastavu, \u010d\u00edslo \u00fa\u010dtu;<\/p>\n<p style=\"text-align: center;\">c) opis z\u00e1sielky (mno\u017estvo, hmotnos\u0165, rozmery, poloha, ulo\u017eenie, druh, obsah a obal), sp\u00f4sob nakl\u00e1dky a vykl\u00e1dky a zaobch\u00e1dzanie so z\u00e1sielkou (ak je to potrebn\u00e9);<\/p>\n<p style=\"text-align: center;\">d) ur\u010denie \u010dasu (\u010das nakl\u00e1dky, dodaciu lehotu, \u010das vykl\u00e1dky), miesta odoslania, miesta ur\u010denia, pr\u00edpadne aj \u017eiadan\u00fa trasu cesty;<\/p>\n<p style=\"text-align: center;\">e) druh a rozsah po\u0161kodenia z\u00e1sielky, ak sa pod\u00e1va na prepravu u\u017e po\u0161koden\u00e1 (napr. preprava do opravy);<\/p>\n<p style=\"text-align: center;\">f) odplatu za vykonan\u00fa prepravu (prepravn\u00e9) ur\u010den\u00fa po vz\u00e1jomnej dohode medzi dopravcom a prepravcom.<\/p>\n<p style=\"text-align: center;\">5.Objedn\u00e1vka je prijat\u00e1:<\/p>\n<p style=\"text-align: center;\">a) okamihom, ke\u010f prepravcovi do\u0161lo p\u00edsomn\u00e9 alebo e-mailov\u00e9 potvrdenie dopravcu o jej prijat\u00ed;<\/p>\n<p style=\"text-align: center;\">b) ak do\u0161lo k \u00fastnej alebo telefonickej dohode medzi prepravcom a dopravcom o rozsahu, \u010dase, pr\u00edpadne sp\u00f4sobe vykonania po\u017eadovanej prepravy.<\/p>\n<p style=\"text-align: center;\">6.Ak dopravca nem\u00f4\u017ee objedn\u00e1vku prija\u0165, upovedom\u00ed o tom bezodkladne prepravcu.<\/p>\n<p style=\"text-align: center;\">7.Ak bola objedn\u00e1vka prijat\u00e1, dopravca pristav\u00ed vhodn\u00e9 vozidlo v term\u00edne uvedenom v objedn\u00e1vke. Ak sa vyskytn\u00fa prek\u00e1\u017eky, pre ktor\u00e9 vozidlo nemo\u017eno v dohodnutom term\u00edne pristavi\u0165, je dopravca povinn\u00fd o tom bezodkladne upovedomi\u0165 prepravcu a pr\u00edpadne dojedna\u0165 in\u00fd term\u00edn pristavenia vozidla. Prepravca m\u00f4\u017ee v tomto pr\u00edpade od zmluvy odst\u00fapi\u0165.<\/p>\n<p style=\"text-align: center;\">8.Ak sa po vyzvan\u00ed odosielate\u013ea na pristavenie vozidla k nakl\u00e1dke, toto nenalo\u017een\u00e9 vr\u00e1ti sp\u00e4\u0165 vinou odosielate\u013ea, je prepravca povinn\u00fd dopravcovi uhradi\u0165 n\u00e1klady za m\u00e1rnu jazdu a pr\u00edpadne poplatok za zdr\u017eanie vozidla.<\/p>\n<p style=\"text-align: center;\">9.Po prijat\u00ed objedn\u00e1vky m\u00f4\u017ee dopravca po\u017eadova\u0165 od prepravcu zlo\u017eenie z\u00e1lohy a\u017e do v\u00fd\u0161ky 50 % z predpokladan\u00e9ho prepravn\u00e9ho. Prijatie z\u00e1lohy je dopravca povinn\u00fd prepravcovi potvrdi\u0165.<\/p>\n<p style=\"text-align: center;\">10.Objedn\u00e1vka m\u00f4\u017ee by\u0165 zadan\u00e1 na jednu prepravu, ur\u010dit\u00fd po\u010det prepr\u00e1v alebo na ur\u010dit\u00e9 \u010dasov\u00e9 obdobie.<\/p>\n<p style=\"text-align: center;\"><strong>\u010cl. 5<\/strong><\/p>\n<p style=\"text-align: center;\"><strong>Prepravn\u00e1 zmluva<\/strong><\/p>\n<p style=\"text-align: center;\">1.Ak si prepravu u dopravcu objedn\u00e1 podnikate\u013e, d\u00f4jde k uzavretiu zmluvy o preprave veci v zmysle ust. \u00a7 610 a nasl. z\u00e1kona \u010d. 513\/1991 Zb. (Obchodn\u00fd z\u00e1konn\u00edk).<\/p>\n<p style=\"text-align: center;\">2.Ak si prepravu u dopravcu objedn\u00e1 fyzick\u00e1 osoba nepodnikate\u013e, d\u00f4jde k uzavretiu zmluvy o preprave n\u00e1kladu v zmysle ust. \u00a7 765 a nasl. z\u00e1kona \u010d. 40\/1964 Zb. (Ob\u010diansky z\u00e1konn\u00edk).<\/p>\n<p style=\"text-align: center;\">3.Prepravn\u00e1 zmluva medzi prepravcom a dopravcom vznik\u00e1 aj prijat\u00edm objedn\u00e1vky, ktor\u00e1 bola dopravcom prepravcovi potvrden\u00e1.<\/p>\n<p style=\"text-align: center;\">4.Ak dopravca vyhovie n\u00e1vrhu pr\u00edjemcu z\u00e1sielky na jej \u010fal\u0161iu prepravu in\u00e9mu pr\u00edjemcovi, vznik\u00e1 nov\u00e1 prepravn\u00e1 zmluva.<\/p>\n<p style=\"text-align: center;\">5.Prepravnou zmluvou sa dopravca zav\u00e4zuje prepravcovi, \u017ee vykon\u00e1 prepravu za dohodnut\u00fdch podmienok a za podmienok ustanoven\u00fdch t\u00fdmto poriadkom. Prepravca sa dopravcovi zav\u00e4zuje, \u017ee spln\u00ed dohodnut\u00e9 a prepravn\u00fdm poriadkom ustanoven\u00e9 podmienky a \u017ee zaplat\u00ed prepravn\u00e9.<\/p>\n<p style=\"text-align: center;\">6.Odosielate\u013e z\u00e1sielky a dopravca sa m\u00f4\u017eu dohodn\u00fa\u0165, \u010di prepravn\u00e9 vyplat\u00ed odosielate\u013e z\u00e1sielky celkom alebo \u010diasto\u010dne, alebo \u010di prepravn\u00e9 uhrad\u00ed prij\u00edmate\u013e z\u00e1sielky.<\/p>\n<p style=\"text-align: center;\">7.Ak m\u00e1 prepravn\u00e9 uhradi\u0165 prij\u00edmate\u013e z\u00e1sielky, ale \u00fahradu odmietne, je povinn\u00fd zaplati\u0165 prepravn\u00e9 odosielate\u013e z\u00e1sielky. V takom pr\u00edpade m\u00f4\u017ee dopravca odovzda\u0165 z\u00e1sielku prij\u00edmate\u013eovi len so s\u00fahlasom odosielate\u013ea.<\/p>\n<p style=\"text-align: center;\">8.\u00dahrada prepravn\u00e9ho je splatn\u00e1 s odovzdan\u00edm z\u00e1sielky prij\u00edmate\u013eovi, ak nie je dohodnut\u00e9 inak. Dopravca je opr\u00e1vnen\u00fd po\u017eadova\u0165 od \u010dasu splatnosti dohodnut\u00e9 pen\u00e1le.<\/p>\n<p style=\"text-align: center;\">9.Zmluvou o preprave veci m\u00f4\u017ee by\u0165 dopravca zaviazan\u00fd, \u017ee z\u00e1sielku po\u010das prepravy sprev\u00e1dza prepravn\u00fd (n\u00e1kladn\u00fd) list.<\/p>\n<p style=\"text-align: center;\">10.Odosielate\u013e z\u00e1sielky nesie vo\u010di dopravcovi d\u00f4sledky nepravdiv\u00e9ho uvedenia popisu fyzik\u00e1lnych vlastnost\u00ed z\u00e1sielky alebo ich neuvedenie, ktor\u00e9 malo okrem in\u00e9ho za n\u00e1sledok zatajenie nebezpe\u010dn\u00e9ho alebo nez\u00e1konn\u00e9ho charakteru prepravovanej z\u00e1sielky.<\/p>\n<p style=\"text-align: center;\"><strong>\u010cl. 6<\/strong><\/p>\n<p style=\"text-align: center;\"><strong>Zmena prepravnej zmluvy<\/strong><\/p>\n<p style=\"text-align: center;\">Odosielate\u013e m\u00f4\u017ee dodato\u010dne nariadi\u0165 dopravcovi, a\u017e do doby vydania z\u00e1sielky prij\u00edmate\u013eovi, \u017ee:<\/p>\n<p style=\"text-align: center;\">&#8211; z\u00e1sielka m\u00e1 by\u0165 vr\u00e1ten\u00e1 sp\u00e4\u0165 do miesta odoslania;<\/p>\n<p style=\"text-align: center;\">&#8211; z\u00e1sielka m\u00e1 by\u0165 po\u010das prepravy zadr\u017ean\u00e1;<\/p>\n<p style=\"text-align: center;\">&#8211; dodanie z\u00e1sielky prij\u00edmate\u013eovi m\u00e1 by\u0165 odro\u010den\u00e9;<\/p>\n<p style=\"text-align: center;\">&#8211; z\u00e1sielka m\u00e1 by\u0165 dodan\u00e1 in\u00e9mu prij\u00edmate\u013eovi;<\/p>\n<p style=\"text-align: center;\">&#8211; z\u00e1sielka m\u00e1 by\u0165 zv\u00fd\u0161en\u00e1, zn\u00ed\u017een\u00e1 alebo zru\u0161en\u00e1;<\/p>\n<p style=\"text-align: center;\">&#8211; z\u00e1sielka m\u00e1 by\u0165 dopravn\u00e1 na in\u00e9 miesto ur\u010denia;<\/p>\n<p style=\"text-align: center;\">&#8211; \u010dasti z\u00e1sielky maj\u00fa by\u0165 dodan\u00e9 na r\u00f4zne alebo in\u00e9 miesta vykl\u00e1dky ako bolo ur\u010den\u00e9 v prepravnej zmluve alebo v prepravnom liste.<\/p>\n<p style=\"text-align: center;\"><strong>\u010cl. 7<\/strong><\/p>\n<p style=\"text-align: center;\"><strong>Reklama\u010dn\u00e9 konanie<\/strong><\/p>\n<p style=\"text-align: center;\">1.Reklama\u010dn\u00e9 lehoty a preml\u010dacie doby na uplat\u0148ovanie n\u00e1rokov odosielate\u013ea alebo pr\u00edjemcu vypl\u00fdvaj\u00face z prepravnej zmluvy s dopravcom s\u00fa uveden\u00e9 pre vn\u00fatro\u0161t\u00e1tnu cestn\u00fa n\u00e1kladn\u00fa dopravu vykon\u00e1van\u00fa v Slovenskej republike v Obchodnom z\u00e1konn\u00edku a v Ob\u010dianskom z\u00e1konn\u00edku.<\/p>\n<p style=\"text-align: center;\">2.Reklama\u010dn\u00e9 lehoty a preml\u010dacie doby na uplat\u0148ovanie n\u00e1rokov odosielate\u013ea alebo pr\u00edjemcu vypl\u00fdvaj\u00face z prepravnej zmluvy s dopravcom s\u00fa uveden\u00e9 pre medzin\u00e1rodn\u00fa cestn\u00fa n\u00e1kladn\u00fa dopravu v Dohovore o prepravnej zmluve v medzin\u00e1rodnej cestnej n\u00e1kladnej doprave (CMR).<\/p>\n<p style=\"text-align: center;\">3.Opr\u00e1vnen\u00fd (prepravca) mus\u00ed reklamova\u0165 u dopravcu v\u0161etky pr\u00e1va vypl\u00fdvaj\u00face z prepravy p\u00edsomne.<\/p>\n<p style=\"text-align: center;\">4.Vr\u00e1tenie zaplatenej sumy za prepravu je opr\u00e1vnen\u00fd (prepravca) \u017eiada\u0165 len ak ju preuk\u00e1zate\u013ene dopravcovi uhradil.<\/p>\n<p style=\"text-align: center;\"><strong>\u010cl. 8<\/strong><\/p>\n<p style=\"text-align: center;\"><strong>Z\u00e1vere\u010dn\u00e9 ustanovenia<\/strong><\/p>\n<p style=\"text-align: center;\">1.Pod\u013ea z\u00e1kona \u010d. 56\/2012 Z.z. o cestnej doprave, dopravca zverejnil tento prepravn\u00fd poriadok na svojom webovom s\u00eddle (www.mrdoprava.sk) a je k dispoz\u00edcii aj v s\u00eddle dopravcu.<\/p>\n<p style=\"text-align: center;\">2. Pod\u013ea z\u00e1kona \u010d. 56\/2012 Z.z. o cestnej doprave zverejnen\u00fd prepravn\u00fd poriadok je s\u00fa\u010das\u0165ou n\u00e1vrhu dopravcu na uzavretie prepravnej zmluvy a po jej uzatvoren\u00ed je jeho obsah s\u00fa\u010das\u0165ou zmluvn\u00fdch pr\u00e1v a povinnost\u00ed \u00fa\u010dastn\u00edkov zmluvy.<\/p>\n<p style=\"text-align: center;\">3.Objedn\u00e1vate\u013e prepravy je pred podp\u00edsan\u00edm prepravnej zmluvy povinn\u00fd sa s t\u00fdmto prepravn\u00fdm poriadkom obozn\u00e1mi\u0165.<\/p>\n<p style=\"text-align: center;\">4.V\u0161etky zmeny a doplnky prepravn\u00e9ho poriadku s\u00fa platn\u00e9 d\u0148om ich zverejnenia a spr\u00edstupnenia na webovom s\u00eddle dopravcu.<\/p>\n<p style=\"text-align: center;\">5.Ak bude prepravn\u00fd poriadok podstatne zmenen\u00fd alebo podstatne doplnen\u00fd, dopravca zabezpe\u010d\u00ed jeho zverejnenie a spr\u00edstupnenie na svojom webovom s\u00eddle v \u00faplnom znen\u00ed.<\/p>\n<p style=\"text-align: center;\">Nitra , 01. Augusta 2017<\/p>\n<p style=\"text-align: center;\">Marek Rie\u010di\u010diar<\/p>\n<p style=\"text-align: center;\">konate\u013e spolo\u010dnosti<\/p>\n<p>[\/vc_wp_text][\/vc_column][\/vc_row]<\/p>\n","protected":false},"excerpt":{"rendered":"<p>[vc_row][vc_column][vc_wp_text] MR Doprava s.r.o., Na H\u00f4rke 41\/3, 949 11, Nitra vyd\u00e1va pod\u013ea \u00a7 4 z\u00e1kona \u010d. 56\/2012 Z.z. o cestnej doprave (\u010falej len \u201ez\u00e1kon\u201c) tento PREPRAVN\u00dd PORIADOK N\u00c1KLADNEJ CESTNEJ DOPRAVY (\u010falej len \u201eprepravn\u00fd poriadok\u201c) \u010cl. 1 Z\u00e1kladn\u00e9 ustanovenia \u00a01. Tento prepravn\u00fd poriadok obsahuje prepravn\u00e9 podmienky dopravcu potrebn\u00e9 na uzavretie prepravnej zmluvy. 2. Upravuje pr\u00e1va a<\/p>\n","protected":false},"author":1,"featured_media":0,"parent":0,"menu_order":0,"comment_status":"closed","ping_status":"closed","template":"tpl-visual_composer.php","meta":[],"_links":{"self":[{"href":"http:\/\/www.mrdoprava.sk\/index.php?rest_route=\/wp\/v2\/pages\/127"}],"collection":[{"href":"http:\/\/www.mrdoprava.sk\/index.php?rest_route=\/wp\/v2\/pages"}],"about":[{"href":"http:\/\/www.mrdoprava.sk\/index.php?rest_route=\/wp\/v2\/types\/page"}],"author":[{"embeddable":true,"href":"http:\/\/www.mrdoprava.sk\/index.php?rest_route=\/wp\/v2\/users\/1"}],"replies":[{"embeddable":true,"href":"http:\/\/www.mrdoprava.sk\/index.php?rest_route=%2Fwp%2Fv2%2Fcomments&post=127"}],"version-history":[{"count":13,"href":"http:\/\/www.mrdoprava.sk\/index.php?rest_route=\/wp\/v2\/pages\/127\/revisions"}],"predecessor-version":[{"id":547,"href":"http:\/\/www.mrdoprava.sk\/index.php?rest_route=\/wp\/v2\/pages\/127\/revisions\/547"}],"wp:attachment":[{"href":"http:\/\/www.mrdoprava.sk\/index.php?rest_route=%2Fwp%2Fv2%2Fmedia&parent=127"}],"curies":[{"name":"wp","href":"https:\/\/api.w.org\/{rel}","templated":true}]}}