{"id":213,"date":"2016-10-01T11:42:51","date_gmt":"2016-10-01T11:42:51","guid":{"rendered":"http:\/\/localhost\/transpo\/?page_id=213"},"modified":"2019-04-29T06:46:56","modified_gmt":"2019-04-29T06:46:56","slug":"pages","status":"publish","type":"page","link":"http:\/\/www.mrdoprava.sk\/?page_id=213","title":{"rendered":"Vozov\u00fd park"},"content":{"rendered":"<p>[vc_row][vc_column][rev_slider_vc alias=&#8220;transpo_slider&#8220;][\/vc_column][\/vc_row][vc_row][vc_column width=&#8220;1\/2&#8243;][vc_tta_tabs][vc_tta_section title=&#8220;Vozov\u00fd park&#8220; tab_id=&#8220;1556283782793-fdfb2e56-5749&#8243;][vc_column_text]<strong>N\u00e1kladn\u00fd automobil :&nbsp; STYER 17 S 21<\/strong><\/p>\n<p>\u0160PZ : NR499 JH<\/p>\n<p>Najv\u00e4\u010d\u0161ia pr\u00edpustn\u00e1 hmotnos\u0165: 17 t<\/p>\n<p>&nbsp;[\/vc_column_text][\/vc_tta_section][\/vc_tta_tabs][\/vc_column][vc_column width=&#8220;1\/2&#8243;][vc_single_image image=&#8220;572&#8243; img_size=&#8220;large&#8220;][\/vc_column][\/vc_row]<\/p>\n","protected":false},"excerpt":{"rendered":"<p>[vc_row][vc_column][rev_slider_vc alias=&#8220;transpo_slider&#8220;][\/vc_column][\/vc_row][vc_row][vc_column width=&#8220;1\/2&#8243;][vc_tta_tabs][vc_tta_section title=&#8220;Vozov\u00fd park&#8220; tab_id=&#8220;1556283782793-fdfb2e56-5749&#8243;][vc_column_text]N\u00e1kladn\u00fd automobil :&nbsp; STYER 17 S 21 \u0160PZ : NR499 JH Najv\u00e4\u010d\u0161ia pr\u00edpustn\u00e1 hmotnos\u0165: 17 t &nbsp;[\/vc_column_text][\/vc_tta_section][\/vc_tta_tabs][\/vc_column][vc_column width=&#8220;1\/2&#8243;][vc_single_image image=&#8220;572&#8243; img_size=&#8220;large&#8220;][\/vc_column][\/vc_row]<\/p>\n","protected":false},"author":1,"featured_media":0,"parent":0,"menu_order":0,"comment_status":"closed","ping_status":"closed","template":"tpl-visual_composer.php","meta":[],"_links":{"self":[{"href":"http:\/\/www.mrdoprava.sk\/index.php?rest_route=\/wp\/v2\/pages\/213"}],"collection":[{"href":"http:\/\/www.mrdoprava.sk\/index.php?rest_route=\/wp\/v2\/pages"}],"about":[{"href":"http:\/\/www.mrdoprava.sk\/index.php?rest_route=\/wp\/v2\/types\/page"}],"author":[{"embeddable":true,"href":"http:\/\/www.mrdoprava.sk\/index.php?rest_route=\/wp\/v2\/users\/1"}],"replies":[{"embeddable":true,"href":"http:\/\/www.mrdoprava.sk\/index.php?rest_route=%2Fwp%2Fv2%2Fcomments&post=213"}],"version-history":[{"count":8,"href":"http:\/\/www.mrdoprava.sk\/index.php?rest_route=\/wp\/v2\/pages\/213\/revisions"}],"predecessor-version":[{"id":574,"href":"http:\/\/www.mrdoprava.sk\/index.php?rest_route=\/wp\/v2\/pages\/213\/revisions\/574"}],"wp:attachment":[{"href":"http:\/\/www.mrdoprava.sk\/index.php?rest_route=%2Fwp%2Fv2%2Fmedia&parent=213"}],"curies":[{"name":"wp","href":"https:\/\/api.w.org\/{rel}","templated":true}]}}